24)/(4 - 8). Suppose 2*i = z - 155. Let r(y) = 14*y + 3. Calculate r(i).
-11
Let z(b) = 2*b**2 + 9*b + 172. Let x(o) = -5*o**2 - 31*o - 510. Let l(j) = -3*x(j) - 8*z(j). Give l(-6).
-8
Let w(k) = -3*k**2 - 6*k + 4. Let a be -3*15/(180/(-8)) - 0. Give w(a).
-20
Let a(r) = -r**3 + 8*r**2 - 2*r + 11. Let s = 5 - -17. Let v be (-3)/4 - ((-1652)/(-16))/(-7). Let q = s - v. Determine a(q).
-5
Let c(h) = -39*h - 70 + 27*h + 3 + 6. Determine c(-4).
-13
Let u(c) be the first derivative of 0*c + 1/120*c**6 + 12 + 4/3*c**3 + 9/2*c**2 + 1/12*c**5 - 1/6*c**4. Let m(x) be the second derivative of u(x). Give m(-6).
-4
Let l(q) = -q + 6. Suppose 0 = -3*x - 5*j - 6, x + x + 4*j = -6. Suppose -108 + 81 = -x*b. Determine l(b).
-3
Let u be (-113)/(6/(-126)*3). Let z(s) = s - u + 1595 - 798. Let y(v) = v**2 - 5*v - 3. Let t be y(5). What is z(t)?
3
Let w(t) be the first derivative of -22 + 1/3*t**3 + 8*t + 4*t**2. What is w(-6)?
-4
Let p = 2954 + -2953. Let b(s) = -17*s**2 - 8*s + 9. Calculate b(p).
-16
Let z(n) = 4*n. Let m be z(1). Suppose -m*x = -h - 3*x + 2, 2*x - 21 = -3*h. Let j(l) = -l**2 + 3*l + 7. Determine j(h).
-3
Let d = -3 - -6. Suppose -2*m + 4 = -l + 5, -l + d*m = 0. Let c(x) = -5 - x**l + 7 + 0*x + 3*x + x**2. Give c(3).
-7
Suppose 5*d - 5*z = 65, d - 3*z - 2*z = 33. Let k be (-1 - -1)/(d + -12). Let m(p) = 0 + 7 + 12 + p - 9. Calculate m(k).
10
Let q(j) = -2*j + 66*j**2 + j - 2*j - 72*j**2. Let o(p) = p**3 - 6*p**2 + 10*p - 27. Let k be o(5). Give q(k).
-18
Let k(g) = 76*g - 10*g**2 - g**3 - 162*g + 85*g - 4. Let t(w) = 2*w - 5 - w - 2*w. Let m be t(5). Determine k(m).
6
Suppose -2*s + 6 = g, 4*s - 6*g + 3*g - 2 = 0. Let w(j) = -1 + 0*j**2 + j + j**2 + s. Suppose 164*c - 28 = 396*c - 204*c. Calculate w(c).
1
Suppose 0 = 38*a - 119*a. Let c(u) be the first derivative of u**4/24 - u**3/3 - u**2/2 + 3. Let s(m) be the second derivative of c(m). What is s(a)?
-2
Let p(a) = a**2 - 4*a - 8. Let b = 779 + -662. Let w be b/13 + -3 + -1. What is p(w)?
-3
Suppose -1118 + 1158 = 8*m. Let x(r) = -r**3 + 3*r**2 + 7*r + 13. Calculate x(m).
-2
Let b(w) = -w**2 - 7*w - 2. Let v = -600 + 603. Suppose -f + 4*a = -v*f - 10, a - 5 = f. Calculate b(f).
8
Let c = 8963 + -8957. Let k(a) = -a + 11. What is k(c)?
5
Suppose 152 - 607 = 291*v + 127. Suppose 0 = -j + 2*g + 8, -29 + 9 = -j - 2*g. Let x(m) = 10*m + 2 - j*m - 5. Give x(v).
5
Let n(q) = -3*q + 5. Suppose -226 = 9*o + 44. Let s be 847/165 + 4/o. Give n(s).
-10
Let w(k) = -k - 5. Let o(h) = -94 - h + 41 + 47. Let j(n) = -5*o(n) + 6*w(n). Determine j(-10).
10
Let q(z) = -3871*z**3 + 5*z**2 + 7474*z**3 - 3602*z**3 + 5 - 2*z. Let w = -18 + 13. Give q(w).
15
Let u(v) = -3*v**3 - 8*v**2 + 2*v - 3. Let s(h) = 4*h**3 + 9*h**2 - 3*h + 4. Let d(r) = 2*s(r) + 3*u(r). Suppose 3 = 2*l + 15. Determine d(l).
-1
Let h(n) be the third derivative of n**4/24 - 19*n**3/3 + 31*n**2 + 22*n. Give h(32).
-6
Let p(n) = 2186 - 4356 - 9*n - n**2 + 2156. Determine p(-9).
-14
Let l(m) = m - 24. Let t be 0/((-8)/(-36) + (-16)/(-9)). Let c(b) = 3*b**2 - 5*b + 15. Let g be c(t). Give l(g).
-9
Let j(g) = -9*g - 30. Let s be j(-2). Suppose -2*x = -11 - 17. Let v = x + s. Let i(y) = -y**3 + 3*y**2 - 2*y - 2. Determine i(v).
-2
Let u(d) = 5*d + 4. Let r(y) = -y**3 - 8*y**2 - 27*y - 56. Let q be r(-4). What is u(q)?
-56
Let s(a) be the first derivative of 2*a**3/3 + 11*a**2 + 51*a - 1295. Give s(-7).
-5
Suppose -6 = -4*m - 22. Let q(d) be the third derivative of d**4/8 - 5*d**3/6 + 54*d**2. Determine q(m).
-17
Suppose -3*s = -0*s + 300. Let w = -100 - s. Let n(x) = -3 + 1 + 3*x + 2*x + x**3 + w*x + 6*x**2. Calculate n(-4).
10
Suppose v = -36*v + 888. Let d be (v/18 - 3/9)*-2. Let i(b) = b**3 + 3*b**2 - 3*b - 3. Determine i(d).
7
Suppose 0 = 4*o - 81 - 191. Suppose 22 = -9*h - o. Let c(j) = -j + 9. Give c(h).
19
Suppose 748 = -203*s + 207*s. Let f(j) = 181 + s + j - 373. Let i be 1 - (-2 + 0 + -1). Determine f(i).
-1
Suppose -7*h = -90 + 6. Let b(j) = 5*j + 11 - j - j - h. Suppose 0*v - 5*q - 1 = v, -13 = -3*v + q. Determine b(v).
11
Let r = 287 + -231. Let p be 74/(-14) + 16/r. Let s(h) = -2*h + 2. Calculate s(p).
12
Let d(w) = 9*w**3 + 12*w**2 - 21*w - 3. Let k = 14 + -20. Let v(l) = -3*l**3 + 8*l**3 - 4026 + 6*l**2 + 4025 - 11*l. Let j(r) = k*d(r) + 11*v(r). What is j(5)?
7
Let i(v) = -v**3 - 15*v**2 - 8*v - 50. Let r be i(-15). Let f be (-9)/2 + 105/r. Let p(m) = m + 4. What is p(f)?
1
Let d(g) = -5*g**3 - 8*g**2 - 28*g + 1. Let x(s) = 3*s**3 + 6*s**2 + 21*s - 1. Let r(l) = 3*d(l) + 4*x(l). Let m = 1 + 0. Determine r(m).
-4
Suppose 8*s - 11*s - d = -10, -2*s = -4*d - 30. Let f(n) = 11*n - 16. Give f(s).
39
Let h(a) be the second derivative of -a**3/2 + 2*a**2 - 4*a - 13. Let x(r) = -r**3 + 5*r**2 + 5. Let s be x(5). What is h(s)?
-11
Let p(k) = -13 - 25*k - 27*k - 24*k + 77*k + 0. Calculate p(7).
-6
Let b(a) = -14*a**3 - 59*a**2 + 30*a + 67. Let i(s) = -3*s**3 - 12*s**2 + 6*s + 14. Let y(f) = 4*b(f) - 19*i(f). Determine y(7).
-5
Let c(z) be the third derivative of -1/15*z**6 - 6*z**2 + 0*z - 1/6*z**3 + 0*z**4 + 0 + 1/60*z**5. Suppose a = 3*p - 16, a - 5*p + 25 = -1. Calculate c(a).
8
Suppose 2*q = -3*q + 5. Let x(b) = 27*b + 20 - 4*b - 7*b - 21 - 9*b - 3*b. Determine x(q).
3
Let t(u) = 42*u**3 + 35*u**2 - 6*u + 7. Let a(p) = 19*p**3 + 16*p**2 - 3*p + 3. Let c(r) = 11*a(r) - 5*t(r). What is c(-2)?
16
Let p(h) = -25*h + 33 - 26 + 12057*h**2 - 12056*h**2. Determine p(12).
-149
Let a(i) = -2*i**3 - 21*i**2 - 8*i - 205. Let u(w) = w**3 + 7*w**2 + 3*w + 77. Let s(m) = 3*a(m) + 8*u(m). Give s(3).
-8
Let i = 459 + 63. Suppose i - 557 = -5*f. Let q(o) = -o**3 + 8*o**2 - 9*o + 11. Give q(f).
-3
Let v(k) be the second derivative of k**4/12 + k**3/2 - 2*k**2 - k. Suppose 142*y - 39 = -749. Give v(y).
6
Let g(u) = 8*u - 11. Suppose 3*s + 2 = o, 7*s + 6 = 3*o + 3*s. Let r be ((-3)/5)/(o*(-4)/80). Let z(d) = -7*d + 10. Let q(n) = r*g(n) + 7*z(n). What is q(3)?
1
Let o be ((-1 - 1)/(-4))/(6/132). Let j(z) = -5 + z - o + 8. Determine j(4).
-4
Let h(p) = -23*p - 45. Let u(d) = -4*d - 8. Let q(b) = -h(b) + 6*u(b). Give q(-4).
1
Let h be (3*2/(-8))/((-8)/32). Suppose -3*f = -3*c - 9, f = -2*c - h*c + 9. Let j(q) = -q**3 + 4*q**2 + 3. Determine j(f).
3
Let s(w) be the first derivative of -w**4/4 - 7*w**3/3 - w**2/2 + 2*w + 38. Suppose 5*f = 3*f - 14. Give s(f).
9
Let q(i) be the second derivative of -1/2*i**3 - 2 + 48*i - 1/20*i**5 - 1/4*i**4 - i**2. Determine q(-3).
7
Let h(w) = 28*w**2 - 3*w + 1. Let g be h(2). Let l(y) = 3 + 114*y + 110*y + 8 - 329*y + g*y. Determine l(0).
11
Let h be 396/(-10) - 1/(10/(-6)). Let i = h - -40. Let z be (i + 0)/((-4 + 2)/2). Let m(u) = -14*u**2 + 1. Calculate m(z).
-13
Let k(q) = -7*q - 79. Let b(w) = 20*w + 227. Let n(d) = -6*b(d) - 17*k(d). Determine n(7).
-26
Let c(x) = -2*x**2 - 2*x + 1. Let p(b) = -3*b**2 - 5*b + 10. Let t(j) = 2*c(j) - p(j). Give t(3).
-14
Suppose -3*g = -6*g + 6. Suppose -r = 4*w + 10, 5*w = 4*r - 3 + 1. Let j be (r - g)/((-16)/24). Let o(f) = -2*f - 2. What is o(j)?
-14
Suppose -n = 3, 0 = -i - n - 7 + 6. Let u(s) = 0*s**2 + 3 - 3*s**2 + 5*s**2 - s**i - 9*s. Let q(c) = -12*c - 4. Let p be q(-1). Determine u(p).
-5
Let c(h) = -h + 14. Let j(r) = 5. Let z(o) = 4. Let n(v) = 3*j(v) - 4*z(v). Let q(y) = -2*c(y) - 22*n(y). Suppose -71*m - 14 = -73*m. Give q(m).
8
Let g(x) = -6*x - 6. Let z be 4/(-3) + (3 - -2 - 308/84). Give g(z).
-6
Let k be (-10)/(-1)*(-6)/12. Let l(w) = -4 - 3*w + 4*w - 3*w. Give l(k).
6
Suppose -3 = y + t, -14*t = -4*y - 11*t + 23. Let i(u) = -u**2 - 1. Give i(y).
-5
Suppose 23 + 73 = 8*x. Suppose -686 = x*q - 182. Let n = 45 + q. Let s(f) = -f - 4. Calculate s(n).
-7
Let q(w) = -2*w**3 + w**2. Let x = -66 + 34. Let t = 33 + x. Determine q(t).
-1
Let c(j) = 4*j + 13. Let o(k) = -3*k - 14. Let w(i) = 3*i - 7. Let t be w(4). Let b(z) = t*o(z) + 4*c(z). Calculate b(15).
-3
Let g(d) = d - 1. Let r be g(2). Let l be (-3)/r*(-1 + 0). Let x(w) be the first derivative of -w**4/4 + w**3 - 3*w**2/2 - 3*w - 1019. What is x(l)?
-12
Let k = -198 + 200. Let p(s) = -7*s**k + 7*s**3 - 2*s**3 - 4*s**3 + 8 + 2*s + s**3 - s**3. Calculate p(6).
-16
Let y(k) = 8*k - 64. Let s be y(6). Let u(v) = -v**3 - 15*v**2 + 12*v - 67. Let x be u(s). Let c(r) = -3*r**2 + 1. Calculate c(x).
-26
Let g = 4587 + -4587. Let 